 base 5.
-10323
Convert -1421 (base 7) to base 4.
-20222
What is 144 (base 5) in base 15?
34
Convert -2806 (base 11) to base 16.
-e34
Convert -1007 (base 14) to base 16.
-abf
-50746 (base 8) to base 13
-970a
What is -490 (base 11) in base 7?
-1462
What is -3038 (base 13) in base 10?
-6638
Convert -11331 (base 10) to base 14.
-41b5
Convert -1934a (base 11) to base 9.
-41071
Convert -121020 (base 4) to base 6.
-11240
What is 16b7 (base 14) in base 9?
5534
Convert 953 (base 11) to base 5.
14042
What is 11110010111101 (base 2) in base 6?
155553
23558 (base 9) to base 2
11110110010111
What is -15a8c (base 13) in base 7?
-231363
What is -1031 (base 15) in base 12?
-1b91
Convert -2928 (base 11) to base 2.
-111011000101
1564 (base 8) to base 15
3de
7a6 (base 14) to base 11
1160
What is 11001111100 (base 2) in base 5?
23120
103 (base 11) to base 4
1330
-101110011000 (base 2) to base 11
-2259
1527 (base 11) to base 6
13033
What is d2b8 (base 14) in base 13?
13648
What is 394 (base 16) in base 11?
763
What is 3363 (base 7) in base 16?
4c5
-315 (base 8) to base 4
-3031
a201 (base 16) to base 4
22020001
Convert -2532 (base 15) to base 8.
-17362
What is 1001001110000 (base 2) in base 13?
21c1
Convert 1914 (base 15) to base 7.
21541
31041 (base 5) to base 2
11111100101
What is 120424 (base 8) in base 6?
514524
Convert -247 (base 16) to base 12.
-407
What is 13b (base 13) in base 3?
22010
Convert 4527 (base 10) to base 7.
16125
Convert -101102112 (base 3) to base 10.
-7601
What is 7415 (base 9) in base 6?
41105
33130 (base 5) to base 7
6451
111211 (base 5) to base 7
14314
What is 6bb2 (base 12) in base 15?
38ab
Convert dc9 (base 16) to base 8.
6711
Convert 141 (base 10) to base 7.
261
-22 (base 3) to base 9
-8
Convert 20e (base 16) to base 3.
201111
-2121101 (base 4) to base 12
-5815
Convert 10222 (base 4) to base 3.
102001
Convert -146 (base 14) to base 13.
-16b
What is 2505 (base 7) in base 3?
1021200
Convert 3313 (base 5) to base 9.
558
-15165 (base 8) to base 13
-3110
Convert -13111 (base 4) to base 10.
-469
-3512 (base 7) to base 12
-8ab
Convert 21a38 (base 11) to base 12.
16534
Convert -1a2 (base 16) to base 3.
-120111
Convert 57a (base 11) to base 15.
312
5842 (base 11) to base 15
2414
-84 (base 11) to base 6
-232
What is -302212 (base 4) in base 2?
-110010100110
-43be (base 16) to base 2
-100001110111110
1625 (base 9) to base 10
1238
Convert -680 (base 14) to base 6.
-5544
40108 (base 9) to base 10
26333
What is -740 (base 11) in base 3?
-1020000
What is -3480 (base 9) in base 10?
-2583
Convert 2ca8 (base 15) to base 6.
112252
-214 (base 13) to base 2
-101100011
Convert -770 (base 9) to base 4.
-21312
-54154 (base 7) to base 6
-142201
46461 (base 9) to base 15
92b7
What is 2bd7 (base 14) in base 2?
1111010011001
What is 14041 (base 6) in base 4?
202021
What is 17939 (base 11) in base 3?
1021102020
What is -4280 (base 9) in base 5?
-100100
727 (base 11) to base 8
1554
1333 (base 8) to base 12
50b
-233012 (base 4) to base 6
-21542
What is -12300 (base 8) in base 16?
-14c0
What is -13130201 (base 4) in base 15?
-9082
Convert -35689 (base 11) to base 4.
-30203021
What is -443 (base 15) in base 3?
-1022200
2a8 (base 16) to base 5
10210
114032 (base 5) to base 13
1c33
Convert 2374 (base 9) to base 15.
7cd
What is -375 (base 10) in base 9?
-456
Convert -1ed1 (base 15) to base 10.
-6721
2276 (base 12) to base 4
323322
What is 2673 (base 8) in base 13?
88b
Convert 133222 (base 6) to base 7.
51101
Convert 101000011100 (base 2) to base 15.
b78
What is -100011101101 (base 2) in base 12?
-13a5
1936 (base 10) to base 13
b5c
Convert -2051 (base 8) to base 10.
-1065
Convert 14a0 (base 11) to base 4.
132011
What is -83 (base 15) in base 12?
-a3
-111110000000010 (base 2) to base 8
-76002
What is -972 (base 15) in base 7?
-6134
What is 10140 (base 6) in base 4?
111030
What is -40641 (base 8) in base 12?
-9881
Convert -3a0 (base 11) to base 9.
-575
Convert -4330 (base 8) to base 5.
-33024
What is ba56 (base 13) in base 16?
6548
-13131 (base 7) to base 15
-1086
Convert -10111010111010 (base 2) to base 8.
-27272
What is 100101111 (base 2) in base 7?
612
-10224 (base 6) to base 13
-826
21100 (base 4) to base 15
297
2010020211 (base 3) to base 9
63224
Convert 1016 (base 8) to base 4.
20032
Convert -1022 (base 9) to base 13.
-458
Convert -1b1b (base 12) to base 4.
-310013
What is 31423 (base 7) in base 6?
55531
2351 (base 7) to base 5
11434
What is -111111101111101 (base 2) in base 6?
-411033
What is 2351 (base 8) in base 14?
65b
-2155 (base 8) to base 9
-1488
906 (base 10) to base 8
1612
What is -11222001 (base 4) in base 11?
-16453
What is -1892 (base 13) in base 10?
-3668
Convert -489 (base 14) to base 8.
-1611
40641 (base 7) to base 8
23307
-11111011 (base 2) to base 4
-3323
-3776 (base 9) to base 5
-42243
5252 (base 10) to base 12
3058
Convert -451 (base 10) to base 15.
-201
Convert -1704 (base 14) to base 11.
-3106
12403 (base 6) to base 9
2513
177 (base 9) to base 16
97
What is 4875 (base 16) in base 14?
6a8d
Convert -85 (base 10) to base 11.
-78
-974 (base 12) to base 5
-21014
-26a1 (base 13) to base 7
-22102
What is 489 (base 13) in base 12?
559
What is 1010121101 (base 3) in base 12?
10ab4
Convert 2200423 (base 5) to base 3.
1220121002
What is 21326 (base 7) in base 9?
7252
Convert 36b8 (base 15) to base 8.
26600
-24022 (base 5) to base 7
-5065
Convert 2331 (base 8) to base 10.
1241
What is -7639 (base 12) in base 5?
-404010
Convert -2104 (base 6) to base 8.
-730
Convert 13253 (base 8) to base 10.
5803
Convert -6968 (base 13) to base 6.
-152245
Convert -231200 (base 5) to base 4.
-2001230
111110 (base 2) to base 15
42
What is -44888 (base 9) in base 10?
-29888
What is 2350 (base 9) in base 10?
1746
What is 1000001111 (base 2) in base 8?
1017
Convert 51 (base 12) to base 14.
45
-881 (base 9) to base 3
-222201
98 (base 12) to base 7
224
11211220 (base 3) to base 12
2066
What is -1518 (base 10) in base 3?
-2002020
What is 120221 (base 3) in base 8?
656
Convert 54d (base 16) to base 5.
20412
What is -45 (base 7) in base 2?
-100001
What is -286 (base 11) in base 9?
-413
233 (base 9) to base 5
1232
What is -7342 (base 12) in base 3?
-122020212
6218 (base 11) to base 6
102103
What is -22021022 (base 3) in base 11?
-4591
5854 (base 16) to base 6
252404
Convert 1446 (base 7) to base 13.
351
What is -5c2 (base 13) in base 14?
-519
What is -124413 (base 5) in base 2?
-1001101110111
34540 (base 7) to base 8
21220
What is -1210012 (base 3) in base 4?
-110111
Convert 500 (base 13) to base 12.
5a5
-4910 (base 13) to base 7
-42044
Convert 1110011111011 (base 2) to base 6.
54203
Convert -aa08 (base 16) to base 14.
-11c12
230313 (base 4) to base 2
101100110111
Convert 118 (base 13) to base 3.
21001
What is 23040 (base 9) in base 6?
155013
Convert 5520 (base 6) to base 5.
20042
Convert -1740 (base 9) to base 7.
-3612
What is 13211 (base 4) in base 9?
588
Convert -b48 (base 13) to base 4.
-131333
What is -4342 (base 6) in base 14?
-514
14 (base 11) to base 2
1111
Convert 17f (base 16) to base 14.
1d5
1055 (base 12) to base 4
130001
What is 121120 (base 3) in base 12?
313
-3b70 (base 13) to base 7
-33621
Convert 25696 (base 10) to base 2.
110010001100000
What is -2102200 (base 3) in base 13?
-a65
-3301231 (base 4) to base 8
-36155
What is 1011110010000 (base 2) in base 7?
23405
Convert -4215 (base 7) to base 13.
-8a0
101132 (base 5) to base 13
1663
-201 (base 15) to base 11
-380
What is -25122 (base 8) in base 4?
-2221102
35545 (base 8) to base 6
154221
What is 104 (base 5) in base 16?
1d
Convert 10921 (base 13) to base 12.
15511
What is -26542 (base 9) in base 3?
-220121102
What is -33a (base 16) in base 11?
-691
What is 15b30 (base 12) in base 14?
b420
Convert 111001011101 (base 2) to base 12.
2165
What is -28b2 (base 13) in base 3?
-22002012
Convert 6905 (base 16) to base 4.
12210011
What is -2854 (base 14) in base 2?
-1101111011010
Convert 52358 (base 9) to base 2.
1000011011111111
What is -1064 (base 9) in base 16?
-313
Convert -10010101011001 (base 2) to base 3.
-111010010
What is -865 (base 13) in base 12?
-9b7
What is 300054 (base 6) in base 2?
101101101000010
4474 (base 12) to base 3
101101121
-103311 (base 4) to base 13
-768
Convert -2a (base 13) to base 10.
-36
Convert 1